{"version":"1.0","provider_name":"UDP Cuenca","provider_url":"https:\/\/www.udpcuenca.com","author_name":"Fran","author_url":"https:\/\/www.udpcuenca.com\/index.php\/author\/fran\/","title":"Tel\u00e9fono de la Soledad del Mayor - UDP Cuenca","type":"rich","width":600,"height":338,"html":"<blockquote class=\"wp-embedded-content\" data-secret=\"R7MPnsdFUS\"><a href=\"https:\/\/www.udpcuenca.com\/index.php\/telefono-de-la-soledad-del-mayor\/\">Tel\u00e9fono de la Soledad del Mayor<\/a><\/blockquote><iframe sandbox=\"allow-scripts\" security=\"restricted\" src=\"https:\/\/www.udpcuenca.com\/index.php\/telefono-de-la-soledad-del-mayor\/embed\/#?secret=R7MPnsdFUS\" width=\"600\" height=\"338\" title=\"\u00abTel\u00e9fono de la Soledad del Mayor\u00bb \u2014 UDP Cuenca\" data-secret=\"R7MPnsdFUS\" frameborder=\"0\" marginwidth=\"0\" marginheight=\"0\" scrolling=\"no\" class=\"wp-embedded-content\"><\/iframe><script>\n\/*! This file is auto-generated *\/\n!function(d,l){\"use strict\";l.querySelector&&d.addEventListener&&\"undefined\"!=typeof URL&&(d.wp=d.wp||{},d.wp.receiveEmbedMessage||(d.wp.receiveEmbedMessage=function(e){var t=e.data;if((t||t.secret||t.message||t.value)&&!\/[^a-zA-Z0-9]\/.test(t.secret)){for(var s,r,n,a=l.querySelectorAll('iframe[data-secret=\"'+t.secret+'\"]'),o=l.querySelectorAll('blockquote[data-secret=\"'+t.secret+'\"]'),c=new RegExp(\"^https?:$\",\"i\"),i=0;i<o.length;i++)o[i].style.display=\"none\";for(i=0;i<a.length;i++)s=a[i],e.source===s.contentWindow&&(s.removeAttribute(\"style\"),\"height\"===t.message?(1e3<(r=parseInt(t.value,10))?r=1e3:~~r<200&&(r=200),s.height=r):\"link\"===t.message&&(r=new URL(s.getAttribute(\"src\")),n=new URL(t.value),c.test(n.protocol))&&n.host===r.host&&l.activeElement===s&&(d.top.location.href=t.value))}},d.addEventListener(\"message\",d.wp.receiveEmbedMessage,!1),l.addEventListener(\"DOMContentLoaded\",function(){for(var e,t,s=l.querySelectorAll(\"iframe.wp-embedded-content\"),r=0;r<s.length;r++)(t=(e=s[r]).getAttribute(\"data-secret\"))||(t=Math.random().toString(36).substring(2,12),e.src+=\"#?secret=\"+t,e.setAttribute(\"data-secret\",t)),e.contentWindow.postMessage({message:\"ready\",secret:t},\"*\")},!1)))}(window,document);\n\/\/# sourceURL=https:\/\/www.udpcuenca.com\/wp-includes\/js\/wp-embed.min.js\n<\/script>\n","description":"969 30 15 43 D\u00eda del Voluntariado 2025 Entrevista Telefono de la Soledad del Mayor en CLM 2025 III Jornadas de la Escucha Tel\u00e9fono de la Soldad del mayor Entrevista CMM La Soledad del Mayor TVCLM &#8211; 5 Noviembre 23 D\u00eda del Voluntario 22 Tel\u00e9fono del Mayor TV1 Presentaci\u00f3n al Alcalde de Cuenca en nuestras [&hellip;]","thumbnail_url":"https:\/\/www.udpcuenca.com\/wp-content\/uploads\/2025\/12\/glori-herminio-1.jpg","thumbnail_width":1200,"thumbnail_height":674}

Teléfono de la Soledad del Mayor - UDP Cuenca

<blockquote class="wp-embedded-content" data-secret="R7MPnsdFUS"><a href="https://www.udpcuenca.com/index.php/telefono-de-la-soledad-del-mayor/">Teléfono de la Soledad del Mayor</a></blockquote><iframe sandbox="allow-scripts" security="restricted" src="https://www.udpcuenca.com/index.php/telefono-de-la-soledad-del-mayor/embed/#?secret=R7MPnsdFUS" width="600" height="338" title="«Teléfono de la Soledad del Mayor» — UDP Cuenca" data-secret="R7MPnsdFUS" frameborder="0" marginwidth="0" marginheight="0" scrolling="no" class="wp-embedded-content"></iframe><script>
/*! This file is auto-generated */
!function(d,l){"use strict";l.querySelector&&d.addEventListener&&"undefined"!=typeof URL&&(d.wp=d.wp||{},d.wp.receiveEmbedMessage||(d.wp.receiveEmbedMessage=function(e){var t=e.data;if((t||t.secret||t.message||t.value)&&!/[^a-zA-Z0-9]/.test(t.secret)){for(var s,r,n,a=l.querySelectorAll('iframe[data-secret="'+t.secret+'"]'),o=l.querySelectorAll('blockquote[data-secret="'+t.secret+'"]'),c=new RegExp("^https?:$","i"),i=0;i<o.length;i++)o[i].style.display="none";for(i=0;i<a.length;i++)s=a[i],e.source===s.contentWindow&&(s.removeAttribute("style"),"height"===t.message?(1e3<(r=parseInt(t.value,10))?r=1e3:~~r<200&&(r=200),s.height=r):"link"===t.message&&(r=new URL(s.getAttribute("src")),n=new URL(t.value),c.test(n.protocol))&&n.host===r.host&&l.activeElement===s&&(d.top.location.href=t.value))}},d.addEventListener("message",d.wp.receiveEmbedMessage,!1),l.addEventListener("DOMContentLoaded",function(){for(var e,t,s=l.querySelectorAll("iframe.wp-embedded-content"),r=0;r<s.length;r++)(t=(e=s[r]).getAttribute("data-secret"))||(t=Math.random().toString(36).substring(2,12),e.src+="#?secret="+t,e.setAttribute("data-secret",t)),e.contentWindow.postMessage({message:"ready",secret:t},"*")},!1)))}(window,document);
//# sourceURL=https://www.udpcuenca.com/wp-includes/js/wp-embed.min.js
</script>

969 30 15 43 Día del Voluntariado 2025 Entrevista Telefono de la Soledad del Mayor en CLM 2025 III Jornadas de la Escucha Teléfono de la Soldad del mayor Entrevista CMM La Soledad del Mayor TVCLM &#8211; 5 Noviembre 23 Día del Voluntario 22 Teléfono del Mayor TV1 Presentación al Alcalde de Cuenca en nuestras [&hellip;]
