{"id":1733,"date":"2022-07-01T16:16:24","date_gmt":"2022-07-01T16:16:24","guid":{"rendered":"https:\/\/www.udpcuenca.com\/?page_id=1733"},"modified":"2025-12-30T08:12:29","modified_gmt":"2025-12-30T08:12:29","slug":"telefono-de-la-soledad-del-mayor","status":"publish","type":"page","link":"https:\/\/www.udpcuenca.com\/index.php\/telefono-de-la-soledad-del-mayor\/","title":{"rendered":"Tel\u00e9fono de la Soledad del Mayor"},"content":{"rendered":"\n<h1 class=\"wp-block-heading has-text-align-center\">969 30 15 43<\/h1>\n\n\n\n<h2 class=\"wp-block-heading\">D\u00eda del Voluntariado 2025<\/h2>\n\n\n\n<figure class=\"wp-block-image size-large\"><a href=\"https:\/\/photos.app.goo.gl\/sBCM4sKCK9zRi64K7\"><img loading=\"lazy\" decoding=\"async\" width=\"1024\" height=\"575\" src=\"https:\/\/www.udpcuenca.com\/wp-content\/uploads\/2025\/12\/glori-herminio-1-1024x575.jpg\" alt=\"\" class=\"wp-image-22490\" srcset=\"https:\/\/www.udpcuenca.com\/wp-content\/uploads\/2025\/12\/glori-herminio-1-1024x575.jpg 1024w, https:\/\/www.udpcuenca.com\/wp-content\/uploads\/2025\/12\/glori-herminio-1-300x169.jpg 300w, https:\/\/www.udpcuenca.com\/wp-content\/uploads\/2025\/12\/glori-herminio-1-768x431.jpg 768w, https:\/\/www.udpcuenca.com\/wp-content\/uploads\/2025\/12\/glori-herminio-1-450x253.jpg 450w, https:\/\/www.udpcuenca.com\/wp-content\/uploads\/2025\/12\/glori-herminio-1-600x337.jpg 600w, https:\/\/www.udpcuenca.com\/wp-content\/uploads\/2025\/12\/glori-herminio-1.jpg 1200w\" sizes=\"auto, (max-width: 1024px) 100vw, 1024px\" \/><\/a><\/figure>\n\n\n\n<h2 class=\"wp-block-heading\">Entrevista Telefono de la Soledad del Mayor en CLM 2025<\/h2>\n\n\n\n<figure class=\"wp-block-image size-large\"><a href=\"https:\/\/www.cmmedia.es\/play\/tv\/castilla-la-mancha-despierta\/entrevista-justo-mora-30-9-2025.html?utm_source=whastapp%26utm_medium=social\"><img loading=\"lazy\" decoding=\"async\" width=\"1024\" height=\"572\" src=\"https:\/\/www.udpcuenca.com\/wp-content\/uploads\/2025\/12\/entrevista-justo-1024x572.png\" alt=\"\" class=\"wp-image-22489\" srcset=\"https:\/\/www.udpcuenca.com\/wp-content\/uploads\/2025\/12\/entrevista-justo-1024x572.png 1024w, https:\/\/www.udpcuenca.com\/wp-content\/uploads\/2025\/12\/entrevista-justo-300x167.png 300w, https:\/\/www.udpcuenca.com\/wp-content\/uploads\/2025\/12\/entrevista-justo-768x429.png 768w, https:\/\/www.udpcuenca.com\/wp-content\/uploads\/2025\/12\/entrevista-justo-450x251.png 450w, https:\/\/www.udpcuenca.com\/wp-content\/uploads\/2025\/12\/entrevista-justo-600x335.png 600w, https:\/\/www.udpcuenca.com\/wp-content\/uploads\/2025\/12\/entrevista-justo.png 1039w\" sizes=\"auto, (max-width: 1024px) 100vw, 1024px\" \/><\/a><\/figure>\n\n\n\n<h2 class=\"wp-block-heading\">III Jornadas de la Escucha<\/h2>\n\n\n\n<figure class=\"wp-block-embed is-type-video is-provider-youtube wp-block-embed-youtube wp-embed-aspect-16-9 wp-has-aspect-ratio\"><div class=\"wp-block-embed__wrapper\">\n<iframe loading=\"lazy\" title=\"III JORNADAS DE LA ESCUCHA\" width=\"580\" height=\"326\" src=\"https:\/\/www.youtube.com\/embed\/8V5gfxa8j9w?feature=oembed\" frameborder=\"0\" allow=\"accelerometer; autoplay; clipboard-write; encrypted-media; gyroscope; picture-in-picture; web-share\" referrerpolicy=\"strict-origin-when-cross-origin\" allowfullscreen><\/iframe>\n<\/div><figcaption class=\"wp-element-caption\">Intervenci\u00f3n de Justo Mora Presidente de UDP Provincial en las Jornadas<\/figcaption><\/figure>\n\n\n\n<h2 class=\"wp-block-heading has-text-align-center\">Tel\u00e9fono de la Soldad del mayor Entrevista CMM<\/h2>\n\n\n\n<figure class=\"wp-block-image size-large\"><a href=\"https:\/\/www.cmmedia.es\/play\/tv\/castilla-la-mancha-despierta\/entrevista-justo-mora.html\"><img loading=\"lazy\" decoding=\"async\" width=\"1024\" height=\"548\" src=\"https:\/\/www.udpcuenca.com\/wp-content\/uploads\/2024\/01\/EntrevistaMayores-1024x548.png\" alt=\"\" class=\"wp-image-2228\" srcset=\"https:\/\/www.udpcuenca.com\/wp-content\/uploads\/2024\/01\/EntrevistaMayores-1024x548.png 1024w, https:\/\/www.udpcuenca.com\/wp-content\/uploads\/2024\/01\/EntrevistaMayores-300x161.png 300w, https:\/\/www.udpcuenca.com\/wp-content\/uploads\/2024\/01\/EntrevistaMayores-768x411.png 768w, https:\/\/www.udpcuenca.com\/wp-content\/uploads\/2024\/01\/EntrevistaMayores-450x241.png 450w, https:\/\/www.udpcuenca.com\/wp-content\/uploads\/2024\/01\/EntrevistaMayores-600x321.png 600w, https:\/\/www.udpcuenca.com\/wp-content\/uploads\/2024\/01\/EntrevistaMayores.png 1039w\" sizes=\"auto, (max-width: 1024px) 100vw, 1024px\" \/><\/a><\/figure>\n\n\n\n<h2 class=\"wp-block-heading has-text-align-center\">La Soledad del Mayor TVCLM &#8211; 5 Noviembre 23<\/h2>\n\n\n\n<figure class=\"wp-block-image size-full\"><a href=\"https:\/\/www.cmmedia.es\/play\/tv\/heroes-anonimos\/acompanar-soledad-telefono-suena.html\"><img loading=\"lazy\" decoding=\"async\" width=\"1006\" height=\"580\" src=\"https:\/\/www.udpcuenca.com\/wp-content\/uploads\/2023\/11\/Soledadvideo.png\" alt=\"\" class=\"wp-image-2215\" srcset=\"https:\/\/www.udpcuenca.com\/wp-content\/uploads\/2023\/11\/Soledadvideo.png 1006w, https:\/\/www.udpcuenca.com\/wp-content\/uploads\/2023\/11\/Soledadvideo-300x173.png 300w, https:\/\/www.udpcuenca.com\/wp-content\/uploads\/2023\/11\/Soledadvideo-768x443.png 768w, https:\/\/www.udpcuenca.com\/wp-content\/uploads\/2023\/11\/Soledadvideo-450x259.png 450w, https:\/\/www.udpcuenca.com\/wp-content\/uploads\/2023\/11\/Soledadvideo-600x346.png 600w\" sizes=\"auto, (max-width: 1006px) 100vw, 1006px\" \/><\/a><\/figure>\n\n\n\n<h2 class=\"wp-block-heading has-text-align-center\">D\u00eda del Voluntario 22<\/h2>\n\n\n\n<figure class=\"wp-block-image size-large\"><a href=\"https:\/\/photos.app.goo.gl\/Uf31W8NFWadmZ5th6\"><img loading=\"lazy\" decoding=\"async\" width=\"1024\" height=\"461\" src=\"https:\/\/www.udpcuenca.com\/wp-content\/uploads\/2022\/12\/IMG_20221202_122453-1024x461.jpg\" alt=\"\" class=\"wp-image-1974\" srcset=\"https:\/\/www.udpcuenca.com\/wp-content\/uploads\/2022\/12\/IMG_20221202_122453-1024x461.jpg 1024w, https:\/\/www.udpcuenca.com\/wp-content\/uploads\/2022\/12\/IMG_20221202_122453-300x135.jpg 300w, https:\/\/www.udpcuenca.com\/wp-content\/uploads\/2022\/12\/IMG_20221202_122453-768x346.jpg 768w, https:\/\/www.udpcuenca.com\/wp-content\/uploads\/2022\/12\/IMG_20221202_122453-1536x691.jpg 1536w, https:\/\/www.udpcuenca.com\/wp-content\/uploads\/2022\/12\/IMG_20221202_122453-2048x922.jpg 2048w, https:\/\/www.udpcuenca.com\/wp-content\/uploads\/2022\/12\/IMG_20221202_122453-1200x540.jpg 1200w, https:\/\/www.udpcuenca.com\/wp-content\/uploads\/2022\/12\/IMG_20221202_122453-1980x891.jpg 1980w, https:\/\/www.udpcuenca.com\/wp-content\/uploads\/2022\/12\/IMG_20221202_122453-450x203.jpg 450w, https:\/\/www.udpcuenca.com\/wp-content\/uploads\/2022\/12\/IMG_20221202_122453-600x270.jpg 600w\" sizes=\"auto, (max-width: 1024px) 100vw, 1024px\" \/><\/a><\/figure>\n\n\n\n<h2 class=\"wp-block-heading has-text-align-center\">Tel\u00e9fono del Mayor TV1<\/h2>\n\n\n\n<figure class=\"wp-block-video\"><video height=\"352\" style=\"aspect-ratio: 640 \/ 352;\" width=\"640\" controls src=\"https:\/\/www.udpcuenca.com\/wp-content\/uploads\/2022\/12\/WhatsApp-Video-2022-09-15-at-08.50.14.mp4\"><\/video><\/figure>\n\n\n\n<h2 class=\"wp-block-heading has-text-align-center\">Presentaci\u00f3n al Alcalde de Cuenca en nuestras instalaciones UDP Cuenca<\/h2>\n\n\n\n<figure class=\"wp-block-embed is-type-video is-provider-youtube wp-block-embed-youtube wp-embed-aspect-16-9 wp-has-aspect-ratio\"><div class=\"wp-block-embed__wrapper\">\n<iframe loading=\"lazy\" title=\"Presentaci\u00f3n Tel\u00e9fono de la Soledad UDP Cuenca\" width=\"580\" height=\"326\" src=\"https:\/\/www.youtube.com\/embed\/ygXEoatPJHw?feature=oembed\" frameborder=\"0\" allow=\"accelerometer; autoplay; clipboard-write; encrypted-media; gyroscope; picture-in-picture; web-share\" referrerpolicy=\"strict-origin-when-cross-origin\" allowfullscreen><\/iframe>\n<\/div><\/figure>\n\n\n\n<h2 class=\"wp-block-heading has-text-align-center\">Visita Voluntariado de UDP Cuenca al plato de TV de CMM en Compa\u00f1\u00eda<\/h2>\n\n\n\n<figure class=\"wp-block-image size-large\"><a href=\"https:\/\/photos.app.goo.gl\/jeWuzQdK5Nw3Fiuw7\"><img loading=\"lazy\" decoding=\"async\" width=\"1024\" height=\"683\" src=\"https:\/\/www.udpcuenca.com\/wp-content\/uploads\/2022\/07\/IMG_3421-1-1024x683.jpg\" alt=\"\" class=\"wp-image-1783\" srcset=\"https:\/\/www.udpcuenca.com\/wp-content\/uploads\/2022\/07\/IMG_3421-1-1024x683.jpg 1024w, https:\/\/www.udpcuenca.com\/wp-content\/uploads\/2022\/07\/IMG_3421-1-300x200.jpg 300w, https:\/\/www.udpcuenca.com\/wp-content\/uploads\/2022\/07\/IMG_3421-1-768x512.jpg 768w, https:\/\/www.udpcuenca.com\/wp-content\/uploads\/2022\/07\/IMG_3421-1-450x300.jpg 450w, https:\/\/www.udpcuenca.com\/wp-content\/uploads\/2022\/07\/IMG_3421-1-600x400.jpg 600w, https:\/\/www.udpcuenca.com\/wp-content\/uploads\/2022\/07\/IMG_3421-1.jpg 1098w\" sizes=\"auto, (max-width: 1024px) 100vw, 1024px\" \/><\/a><\/figure>\n\n\n\n<h2 class=\"wp-block-heading has-text-align-center\">Ram\u00f3n Garc\u00eda con el Tel\u00e9fono de la Soledad<\/h2>\n\n\n\n<figure class=\"wp-block-video\"><video height=\"688\" style=\"aspect-ratio: 1156 \/ 688;\" width=\"1156\" controls src=\"https:\/\/www.udpcuenca.com\/wp-content\/uploads\/2023\/11\/ProgramaRamongarcia.mp4\"><\/video><\/figure>\n\n\n\n<h2 class=\"wp-block-heading has-text-align-center\">Entrevista Justo TVCLM<\/h2>\n\n\n\n<figure class=\"wp-block-video\"><video height=\"718\" style=\"aspect-ratio: 1280 \/ 718;\" width=\"1280\" controls src=\"https:\/\/www.udpcuenca.com\/wp-content\/uploads\/2023\/11\/Entrevista-a-Justo.mp4\"><\/video><\/figure>\n\n\n\n<h2 class=\"wp-block-heading has-text-align-center\">Reportaje de Castilla la Mancha TV<\/h2>\n\n\n\n<figure class=\"wp-block-image size-full\"><a href=\"https:\/\/www.cmmedia.es\/noticias\/castilla-la-mancha\/comienza-a-funcionar-el-primer-telefono-de-la-soledad-del-mayor-de-castilla-la-mancha\/\"><img loading=\"lazy\" decoding=\"async\" width=\"598\" height=\"323\" src=\"https:\/\/www.udpcuenca.com\/wp-content\/uploads\/2022\/07\/logotipo-castilla-la-mancha-media-cmm.png\" alt=\"\" class=\"wp-image-1745\" srcset=\"https:\/\/www.udpcuenca.com\/wp-content\/uploads\/2022\/07\/logotipo-castilla-la-mancha-media-cmm.png 598w, https:\/\/www.udpcuenca.com\/wp-content\/uploads\/2022\/07\/logotipo-castilla-la-mancha-media-cmm-300x162.png 300w, https:\/\/www.udpcuenca.com\/wp-content\/uploads\/2022\/07\/logotipo-castilla-la-mancha-media-cmm-450x243.png 450w\" sizes=\"auto, (max-width: 598px) 100vw, 598px\" \/><\/a><\/figure>\n\n\n\n<h2 class=\"wp-block-heading has-text-align-center\">Presentaci\u00f3n del Proyecto <\/h2>\n\n\n\n<h2 class=\"wp-block-heading has-text-align-center\">Tel\u00e9fono de la Soledad<\/h2>\n\n\n\n<figure class=\"wp-block-image size-full\"><a href=\"https:\/\/photos.app.goo.gl\/3bxZmHNmurasqDax7\"><img loading=\"lazy\" decoding=\"async\" width=\"670\" height=\"970\" src=\"https:\/\/www.udpcuenca.com\/wp-content\/uploads\/2022\/07\/C1-Publi-telefono-Soledad.2022png.jpg\" alt=\"\" class=\"wp-image-1740\" srcset=\"https:\/\/www.udpcuenca.com\/wp-content\/uploads\/2022\/07\/C1-Publi-telefono-Soledad.2022png.jpg 670w, https:\/\/www.udpcuenca.com\/wp-content\/uploads\/2022\/07\/C1-Publi-telefono-Soledad.2022png-207x300.jpg 207w, https:\/\/www.udpcuenca.com\/wp-content\/uploads\/2022\/07\/C1-Publi-telefono-Soledad.2022png-450x651.jpg 450w, https:\/\/www.udpcuenca.com\/wp-content\/uploads\/2022\/07\/C1-Publi-telefono-Soledad.2022png-600x869.jpg 600w\" sizes=\"auto, (max-width: 670px) 100vw, 670px\" \/><\/a><\/figure>\n","protected":false},"excerpt":{"rendered":"<p>969 30 15 43 D\u00eda del Voluntariado 2025 Entrevista Telefono de la Soledad del Mayor en CLM 2025 III Jornadas de la Escucha Tel\u00e9fono de la Soldad del mayor Entrevista CMM La Soledad del Mayor TVCLM &#8211; 5 Noviembre 23 D\u00eda del Voluntario 22 Tel\u00e9fono del Mayor TV1 Presentaci\u00f3n al Alcalde de Cuenca en nuestras [&hellip;]<\/p>\n","protected":false},"author":1,"featured_media":0,"parent":0,"menu_order":0,"comment_status":"closed","ping_status":"closed","template":"","meta":{"_monsterinsights_skip_tracking":false,"_monsterinsights_sitenote_active":false,"_monsterinsights_sitenote_note":"","_monsterinsights_sitenote_category":0,"footnotes":""},"class_list":["post-1733","page","type-page","status-publish","hentry"],"yoast_head":"<!-- This site is optimized with the Yoast SEO plugin v27.5 - https:\/\/yoast.com\/product\/yoast-seo-wordpress\/ -->\n<title>Tel\u00e9fono de la Soledad del Mayor - UDP Cuenca<\/title>\n<meta name=\"robots\" content=\"index, follow, max-snippet:-1, max-image-preview:large, max-video-preview:-1\" \/>\n<link rel=\"canonical\" href=\"https:\/\/www.udpcuenca.com\/index.php\/telefono-de-la-soledad-del-mayor\/\" \/>\n<meta property=\"og:locale\" content=\"es_ES\" \/>\n<meta property=\"og:type\" content=\"article\" \/>\n<meta property=\"og:title\" content=\"Tel\u00e9fono de la Soledad del Mayor - UDP Cuenca\" \/>\n<meta property=\"og:description\" content=\"969 30 15 43 D\u00eda del Voluntariado 2025 Entrevista Telefono de la Soledad del Mayor en CLM 2025 III Jornadas de la Escucha Tel\u00e9fono de la Soldad del mayor Entrevista CMM La Soledad del Mayor TVCLM &#8211; 5 Noviembre 23 D\u00eda del Voluntario 22 Tel\u00e9fono del Mayor TV1 Presentaci\u00f3n al Alcalde de Cuenca en nuestras [&hellip;]\" \/>\n<meta property=\"og:url\" content=\"https:\/\/www.udpcuenca.com\/index.php\/telefono-de-la-soledad-del-mayor\/\" \/>\n<meta property=\"og:site_name\" content=\"UDP Cuenca\" \/>\n<meta property=\"article:modified_time\" content=\"2025-12-30T08:12:29+00:00\" \/>\n<meta property=\"og:image\" content=\"https:\/\/www.udpcuenca.com\/wp-content\/uploads\/2025\/12\/glori-herminio-1.jpg\" \/>\n\t<meta property=\"og:image:width\" content=\"1200\" \/>\n\t<meta property=\"og:image:height\" content=\"674\" \/>\n\t<meta property=\"og:image:type\" content=\"image\/jpeg\" \/>\n<meta name=\"twitter:card\" content=\"summary_large_image\" \/>\n<meta name=\"twitter:label1\" content=\"Tiempo de lectura\" \/>\n\t<meta name=\"twitter:data1\" content=\"3 minutos\" \/>\n<script type=\"application\/ld+json\" class=\"yoast-schema-graph\">{\"@context\":\"https:\\\/\\\/schema.org\",\"@graph\":[{\"@type\":\"WebPage\",\"@id\":\"https:\\\/\\\/www.udpcuenca.com\\\/index.php\\\/telefono-de-la-soledad-del-mayor\\\/\",\"url\":\"https:\\\/\\\/www.udpcuenca.com\\\/index.php\\\/telefono-de-la-soledad-del-mayor\\\/\",\"name\":\"Tel\u00e9fono de la Soledad del Mayor - UDP Cuenca\",\"isPartOf\":{\"@id\":\"https:\\\/\\\/www.udpcuenca.com\\\/#website\"},\"primaryImageOfPage\":{\"@id\":\"https:\\\/\\\/www.udpcuenca.com\\\/index.php\\\/telefono-de-la-soledad-del-mayor\\\/#primaryimage\"},\"image\":{\"@id\":\"https:\\\/\\\/www.udpcuenca.com\\\/index.php\\\/telefono-de-la-soledad-del-mayor\\\/#primaryimage\"},\"thumbnailUrl\":\"https:\\\/\\\/www.udpcuenca.com\\\/wp-content\\\/uploads\\\/2025\\\/12\\\/glori-herminio-1-1024x575.jpg\",\"datePublished\":\"2022-07-01T16:16:24+00:00\",\"dateModified\":\"2025-12-30T08:12:29+00:00\",\"breadcrumb\":{\"@id\":\"https:\\\/\\\/www.udpcuenca.com\\\/index.php\\\/telefono-de-la-soledad-del-mayor\\\/#breadcrumb\"},\"inLanguage\":\"es\",\"potentialAction\":[{\"@type\":\"ReadAction\",\"target\":[\"https:\\\/\\\/www.udpcuenca.com\\\/index.php\\\/telefono-de-la-soledad-del-mayor\\\/\"]}]},{\"@type\":\"ImageObject\",\"inLanguage\":\"es\",\"@id\":\"https:\\\/\\\/www.udpcuenca.com\\\/index.php\\\/telefono-de-la-soledad-del-mayor\\\/#primaryimage\",\"url\":\"https:\\\/\\\/www.udpcuenca.com\\\/wp-content\\\/uploads\\\/2025\\\/12\\\/glori-herminio-1.jpg\",\"contentUrl\":\"https:\\\/\\\/www.udpcuenca.com\\\/wp-content\\\/uploads\\\/2025\\\/12\\\/glori-herminio-1.jpg\",\"width\":1200,\"height\":674,\"caption\":\"Acto por el D\u00eda del Voluntariado en Cuenca. REMITIDA \\\/ HANDOUT por AYUNTAMIENTO Fotograf\u00eda remitida a medios de comunicaci\u00f3n exclusivamente para ilustrar la noticia a la que hace referencia la imagen, y citando la procedencia de la imagen en la firma 04\\\/12\\\/2025\"},{\"@type\":\"BreadcrumbList\",\"@id\":\"https:\\\/\\\/www.udpcuenca.com\\\/index.php\\\/telefono-de-la-soledad-del-mayor\\\/#breadcrumb\",\"itemListElement\":[{\"@type\":\"ListItem\",\"position\":1,\"name\":\"Portada\",\"item\":\"https:\\\/\\\/www.udpcuenca.com\\\/\"},{\"@type\":\"ListItem\",\"position\":2,\"name\":\"Tel\u00e9fono de la Soledad del Mayor\"}]},{\"@type\":\"WebSite\",\"@id\":\"https:\\\/\\\/www.udpcuenca.com\\\/#website\",\"url\":\"https:\\\/\\\/www.udpcuenca.com\\\/\",\"name\":\"UDP Cuenca\",\"description\":\"Asociaci\u00f3n Democr\u00e1tica de Jubilados y Pensionistas &quot;San Julian&quot; UDP Cuenca\",\"publisher\":{\"@id\":\"https:\\\/\\\/www.udpcuenca.com\\\/#organization\"},\"potentialAction\":[{\"@type\":\"SearchAction\",\"target\":{\"@type\":\"EntryPoint\",\"urlTemplate\":\"https:\\\/\\\/www.udpcuenca.com\\\/?s={search_term_string}\"},\"query-input\":{\"@type\":\"PropertyValueSpecification\",\"valueRequired\":true,\"valueName\":\"search_term_string\"}}],\"inLanguage\":\"es\"},{\"@type\":\"Organization\",\"@id\":\"https:\\\/\\\/www.udpcuenca.com\\\/#organization\",\"name\":\"UDP Cuenca\",\"url\":\"https:\\\/\\\/www.udpcuenca.com\\\/\",\"logo\":{\"@type\":\"ImageObject\",\"inLanguage\":\"es\",\"@id\":\"https:\\\/\\\/www.udpcuenca.com\\\/#\\\/schema\\\/logo\\\/image\\\/\",\"url\":\"https:\\\/\\\/www.udpcuenca.com\\\/wp-content\\\/uploads\\\/2024\\\/11\\\/cropped-Imagen781.png\",\"contentUrl\":\"https:\\\/\\\/www.udpcuenca.com\\\/wp-content\\\/uploads\\\/2024\\\/11\\\/cropped-Imagen781.png\",\"width\":583,\"height\":158,\"caption\":\"UDP Cuenca\"},\"image\":{\"@id\":\"https:\\\/\\\/www.udpcuenca.com\\\/#\\\/schema\\\/logo\\\/image\\\/\"}}]}<\/script>\n<!-- \/ Yoast SEO plugin. -->","yoast_head_json":{"title":"Tel\u00e9fono de la Soledad del Mayor - UDP Cuenca","robots":{"index":"index","follow":"follow","max-snippet":"max-snippet:-1","max-image-preview":"max-image-preview:large","max-video-preview":"max-video-preview:-1"},"canonical":"https:\/\/www.udpcuenca.com\/index.php\/telefono-de-la-soledad-del-mayor\/","og_locale":"es_ES","og_type":"article","og_title":"Tel\u00e9fono de la Soledad del Mayor - UDP Cuenca","og_description":"969 30 15 43 D\u00eda del Voluntariado 2025 Entrevista Telefono de la Soledad del Mayor en CLM 2025 III Jornadas de la Escucha Tel\u00e9fono de la Soldad del mayor Entrevista CMM La Soledad del Mayor TVCLM &#8211; 5 Noviembre 23 D\u00eda del Voluntario 22 Tel\u00e9fono del Mayor TV1 Presentaci\u00f3n al Alcalde de Cuenca en nuestras [&hellip;]","og_url":"https:\/\/www.udpcuenca.com\/index.php\/telefono-de-la-soledad-del-mayor\/","og_site_name":"UDP Cuenca","article_modified_time":"2025-12-30T08:12:29+00:00","og_image":[{"width":1200,"height":674,"url":"https:\/\/www.udpcuenca.com\/wp-content\/uploads\/2025\/12\/glori-herminio-1.jpg","type":"image\/jpeg"}],"twitter_card":"summary_large_image","twitter_misc":{"Tiempo de lectura":"3 minutos"},"schema":{"@context":"https:\/\/schema.org","@graph":[{"@type":"WebPage","@id":"https:\/\/www.udpcuenca.com\/index.php\/telefono-de-la-soledad-del-mayor\/","url":"https:\/\/www.udpcuenca.com\/index.php\/telefono-de-la-soledad-del-mayor\/","name":"Tel\u00e9fono de la Soledad del Mayor - UDP Cuenca","isPartOf":{"@id":"https:\/\/www.udpcuenca.com\/#website"},"primaryImageOfPage":{"@id":"https:\/\/www.udpcuenca.com\/index.php\/telefono-de-la-soledad-del-mayor\/#primaryimage"},"image":{"@id":"https:\/\/www.udpcuenca.com\/index.php\/telefono-de-la-soledad-del-mayor\/#primaryimage"},"thumbnailUrl":"https:\/\/www.udpcuenca.com\/wp-content\/uploads\/2025\/12\/glori-herminio-1-1024x575.jpg","datePublished":"2022-07-01T16:16:24+00:00","dateModified":"2025-12-30T08:12:29+00:00","breadcrumb":{"@id":"https:\/\/www.udpcuenca.com\/index.php\/telefono-de-la-soledad-del-mayor\/#breadcrumb"},"inLanguage":"es","potentialAction":[{"@type":"ReadAction","target":["https:\/\/www.udpcuenca.com\/index.php\/telefono-de-la-soledad-del-mayor\/"]}]},{"@type":"ImageObject","inLanguage":"es","@id":"https:\/\/www.udpcuenca.com\/index.php\/telefono-de-la-soledad-del-mayor\/#primaryimage","url":"https:\/\/www.udpcuenca.com\/wp-content\/uploads\/2025\/12\/glori-herminio-1.jpg","contentUrl":"https:\/\/www.udpcuenca.com\/wp-content\/uploads\/2025\/12\/glori-herminio-1.jpg","width":1200,"height":674,"caption":"Acto por el D\u00eda del Voluntariado en Cuenca. REMITIDA \/ HANDOUT por AYUNTAMIENTO Fotograf\u00eda remitida a medios de comunicaci\u00f3n exclusivamente para ilustrar la noticia a la que hace referencia la imagen, y citando la procedencia de la imagen en la firma 04\/12\/2025"},{"@type":"BreadcrumbList","@id":"https:\/\/www.udpcuenca.com\/index.php\/telefono-de-la-soledad-del-mayor\/#breadcrumb","itemListElement":[{"@type":"ListItem","position":1,"name":"Portada","item":"https:\/\/www.udpcuenca.com\/"},{"@type":"ListItem","position":2,"name":"Tel\u00e9fono de la Soledad del Mayor"}]},{"@type":"WebSite","@id":"https:\/\/www.udpcuenca.com\/#website","url":"https:\/\/www.udpcuenca.com\/","name":"UDP Cuenca","description":"Asociaci\u00f3n Democr\u00e1tica de Jubilados y Pensionistas &quot;San Julian&quot; UDP Cuenca","publisher":{"@id":"https:\/\/www.udpcuenca.com\/#organization"},"potentialAction":[{"@type":"SearchAction","target":{"@type":"EntryPoint","urlTemplate":"https:\/\/www.udpcuenca.com\/?s={search_term_string}"},"query-input":{"@type":"PropertyValueSpecification","valueRequired":true,"valueName":"search_term_string"}}],"inLanguage":"es"},{"@type":"Organization","@id":"https:\/\/www.udpcuenca.com\/#organization","name":"UDP Cuenca","url":"https:\/\/www.udpcuenca.com\/","logo":{"@type":"ImageObject","inLanguage":"es","@id":"https:\/\/www.udpcuenca.com\/#\/schema\/logo\/image\/","url":"https:\/\/www.udpcuenca.com\/wp-content\/uploads\/2024\/11\/cropped-Imagen781.png","contentUrl":"https:\/\/www.udpcuenca.com\/wp-content\/uploads\/2024\/11\/cropped-Imagen781.png","width":583,"height":158,"caption":"UDP Cuenca"},"image":{"@id":"https:\/\/www.udpcuenca.com\/#\/schema\/logo\/image\/"}}]}},"_links":{"self":[{"href":"https:\/\/www.udpcuenca.com\/index.php\/wp-json\/wp\/v2\/pages\/1733","targetHints":{"allow":["GET"]}}],"collection":[{"href":"https:\/\/www.udpcuenca.com\/index.php\/wp-json\/wp\/v2\/pages"}],"about":[{"href":"https:\/\/www.udpcuenca.com\/index.php\/wp-json\/wp\/v2\/types\/page"}],"author":[{"embeddable":true,"href":"https:\/\/www.udpcuenca.com\/index.php\/wp-json\/wp\/v2\/users\/1"}],"replies":[{"embeddable":true,"href":"https:\/\/www.udpcuenca.com\/index.php\/wp-json\/wp\/v2\/comments?post=1733"}],"version-history":[{"count":23,"href":"https:\/\/www.udpcuenca.com\/index.php\/wp-json\/wp\/v2\/pages\/1733\/revisions"}],"predecessor-version":[{"id":22491,"href":"https:\/\/www.udpcuenca.com\/index.php\/wp-json\/wp\/v2\/pages\/1733\/revisions\/22491"}],"wp:attachment":[{"href":"https:\/\/www.udpcuenca.com\/index.php\/wp-json\/wp\/v2\/media?parent=1733"}],"curies":[{"name":"wp","href":"https:\/\/api.w.org\/{rel}","templated":true}]}}