{"id":80,"date":"2020-11-19T19:24:28","date_gmt":"2020-11-19T19:24:28","guid":{"rendered":"http:\/\/www.udpcuenca.com\/?page_id=80"},"modified":"2023-10-09T21:48:11","modified_gmt":"2023-10-09T21:48:11","slug":"voluntariado","status":"publish","type":"page","link":"https:\/\/www.udpcuenca.com\/index.php\/voluntariado\/","title":{"rendered":"Voluntariado"},"content":{"rendered":"\n<h2 class=\"wp-block-heading has-text-align-center\"><\/h2>\n\n\n\n<h3 class=\"wp-block-heading has-text-align-center\">Jornada Encuentro Territorial de Voluntarios MUPA Octubre 2023<\/h3>\n\n\n\n<figure class=\"wp-block-embed alignwide is-type-video is-provider-youtube wp-block-embed-youtube wp-embed-aspect-16-9 wp-has-aspect-ratio\"><div class=\"wp-block-embed__wrapper\">\n<iframe loading=\"lazy\" title=\"Jornada Encuentro de Voluntarios UDP Regional octubre 2023\" width=\"580\" height=\"326\" src=\"https:\/\/www.youtube.com\/embed\/UBnsDT_ayTg?feature=oembed\" frameborder=\"0\" allow=\"accelerometer; autoplay; clipboard-write; encrypted-media; gyroscope; picture-in-picture; web-share\" referrerpolicy=\"strict-origin-when-cross-origin\" allowfullscreen><\/iframe>\n<\/div><\/figure>\n\n\n\n<h2 class=\"wp-block-heading has-text-align-center\">Voluntariado UDP Cuenca por la Igualdad<\/h2>\n\n\n\n<figure class=\"wp-block-image size-large\"><a href=\"https:\/\/photos.app.goo.gl\/dG1US2s9VCZmXAVC9\"><img loading=\"lazy\" decoding=\"async\" width=\"1024\" height=\"683\" src=\"https:\/\/www.udpcuenca.com\/wp-content\/uploads\/2022\/07\/IGUALES-26-1024x683.jpg\" alt=\"\" class=\"wp-image-1776\" srcset=\"https:\/\/www.udpcuenca.com\/wp-content\/uploads\/2022\/07\/IGUALES-26-1024x683.jpg 1024w, https:\/\/www.udpcuenca.com\/wp-content\/uploads\/2022\/07\/IGUALES-26-300x200.jpg 300w, https:\/\/www.udpcuenca.com\/wp-content\/uploads\/2022\/07\/IGUALES-26-768x512.jpg 768w, https:\/\/www.udpcuenca.com\/wp-content\/uploads\/2022\/07\/IGUALES-26-450x300.jpg 450w, https:\/\/www.udpcuenca.com\/wp-content\/uploads\/2022\/07\/IGUALES-26-600x400.jpg 600w, https:\/\/www.udpcuenca.com\/wp-content\/uploads\/2022\/07\/IGUALES-26.jpg 1098w\" sizes=\"auto, (max-width: 1024px) 100vw, 1024px\" \/><\/a><\/figure>\n\n\n\n<h2 class=\"wp-block-heading has-text-align-center\">Puertas Abiertas de la Subdelegaci\u00f3n del Gobierno<\/h2>\n\n\n\n<figure class=\"wp-block-image size-large\"><a href=\"https:\/\/photos.app.goo.gl\/39P182xtLFuxQtMH7\"><img loading=\"lazy\" decoding=\"async\" width=\"1024\" height=\"683\" src=\"https:\/\/www.udpcuenca.com\/wp-content\/uploads\/2022\/07\/IMG_3264-1024x683.jpg\" alt=\"\" class=\"wp-image-1770\" srcset=\"https:\/\/www.udpcuenca.com\/wp-content\/uploads\/2022\/07\/IMG_3264-1024x683.jpg 1024w, https:\/\/www.udpcuenca.com\/wp-content\/uploads\/2022\/07\/IMG_3264-300x200.jpg 300w, https:\/\/www.udpcuenca.com\/wp-content\/uploads\/2022\/07\/IMG_3264-768x512.jpg 768w, https:\/\/www.udpcuenca.com\/wp-content\/uploads\/2022\/07\/IMG_3264-450x300.jpg 450w, https:\/\/www.udpcuenca.com\/wp-content\/uploads\/2022\/07\/IMG_3264-600x400.jpg 600w, https:\/\/www.udpcuenca.com\/wp-content\/uploads\/2022\/07\/IMG_3264.jpg 1183w\" sizes=\"auto, (max-width: 1024px) 100vw, 1024px\" \/><\/a><\/figure>\n\n\n\n<h2 class=\"wp-block-heading has-text-align-center\">PLAN SEGURIDAD MAYORES INTERNET 2022<\/h2>\n\n\n\n<figure class=\"wp-block-embed is-type-video is-provider-youtube wp-block-embed-youtube wp-embed-aspect-16-9 wp-has-aspect-ratio\"><div class=\"wp-block-embed__wrapper\">\n<iframe loading=\"lazy\" title=\"Plan Mayor Seguridad 2022 Cuenca\" width=\"580\" height=\"326\" src=\"https:\/\/www.youtube.com\/embed\/AcUeyktDGoU?feature=oembed\" frameborder=\"0\" allow=\"accelerometer; autoplay; clipboard-write; encrypted-media; gyroscope; picture-in-picture; web-share\" referrerpolicy=\"strict-origin-when-cross-origin\" allowfullscreen><\/iframe>\n<\/div><\/figure>\n\n\n\n<figure class=\"wp-block-image alignwide size-large\"><a href=\"https:\/\/photos.app.goo.gl\/wqCrd5A4fEixpT1N6\"><img loading=\"lazy\" decoding=\"async\" width=\"1024\" height=\"683\" src=\"https:\/\/www.udpcuenca.com\/wp-content\/uploads\/2022\/06\/IMG_3229-1024x683.jpg\" alt=\"\" class=\"wp-image-1722\" srcset=\"https:\/\/www.udpcuenca.com\/wp-content\/uploads\/2022\/06\/IMG_3229-1024x683.jpg 1024w, https:\/\/www.udpcuenca.com\/wp-content\/uploads\/2022\/06\/IMG_3229-300x200.jpg 300w, https:\/\/www.udpcuenca.com\/wp-content\/uploads\/2022\/06\/IMG_3229-768x512.jpg 768w, https:\/\/www.udpcuenca.com\/wp-content\/uploads\/2022\/06\/IMG_3229-1536x1024.jpg 1536w, https:\/\/www.udpcuenca.com\/wp-content\/uploads\/2022\/06\/IMG_3229-2048x1365.jpg 2048w, https:\/\/www.udpcuenca.com\/wp-content\/uploads\/2022\/06\/IMG_3229-1200x800.jpg 1200w, https:\/\/www.udpcuenca.com\/wp-content\/uploads\/2022\/06\/IMG_3229-1980x1320.jpg 1980w, https:\/\/www.udpcuenca.com\/wp-content\/uploads\/2022\/06\/IMG_3229-450x300.jpg 450w, https:\/\/www.udpcuenca.com\/wp-content\/uploads\/2022\/06\/IMG_3229-600x400.jpg 600w\" sizes=\"auto, (max-width: 1024px) 100vw, 1024px\" \/><\/a><\/figure>\n\n\n\n<h1 class=\"wp-block-heading has-text-align-center has-larger-font-size\" style=\"font-style:normal;font-weight:700\"><strong>Ponencia Voluntarios <\/strong><\/h1>\n\n\n\n<h1 class=\"wp-block-heading has-text-align-center has-larger-font-size\" style=\"font-style:normal;font-weight:700\"><strong>20 Junio de 2022 Fotos<\/strong><\/h1>\n\n\n\n<figure class=\"wp-block-image alignwide size-large\"><a href=\"https:\/\/photos.app.goo.gl\/pM8wkZwp4sx1vgeb8\"><img loading=\"lazy\" decoding=\"async\" width=\"1024\" height=\"683\" src=\"https:\/\/www.udpcuenca.com\/wp-content\/uploads\/2022\/06\/CANETE-2022-38-1024x683.jpg\" alt=\"\" class=\"wp-image-1718\" srcset=\"https:\/\/www.udpcuenca.com\/wp-content\/uploads\/2022\/06\/CANETE-2022-38-1024x683.jpg 1024w, https:\/\/www.udpcuenca.com\/wp-content\/uploads\/2022\/06\/CANETE-2022-38-300x200.jpg 300w, https:\/\/www.udpcuenca.com\/wp-content\/uploads\/2022\/06\/CANETE-2022-38-768x512.jpg 768w, https:\/\/www.udpcuenca.com\/wp-content\/uploads\/2022\/06\/CANETE-2022-38-1536x1024.jpg 1536w, https:\/\/www.udpcuenca.com\/wp-content\/uploads\/2022\/06\/CANETE-2022-38-2048x1365.jpg 2048w, https:\/\/www.udpcuenca.com\/wp-content\/uploads\/2022\/06\/CANETE-2022-38-1200x800.jpg 1200w, https:\/\/www.udpcuenca.com\/wp-content\/uploads\/2022\/06\/CANETE-2022-38-1980x1320.jpg 1980w, https:\/\/www.udpcuenca.com\/wp-content\/uploads\/2022\/06\/CANETE-2022-38-450x300.jpg 450w, https:\/\/www.udpcuenca.com\/wp-content\/uploads\/2022\/06\/CANETE-2022-38-600x400.jpg 600w\" sizes=\"auto, (max-width: 1024px) 100vw, 1024px\" \/><\/a><\/figure>\n\n\n\n<figure class=\"wp-block-embed alignwide is-type-video is-provider-youtube wp-block-embed-youtube wp-embed-aspect-16-9 wp-has-aspect-ratio\"><div class=\"wp-block-embed__wrapper\">\n<iframe loading=\"lazy\" title=\"Ponencia Voluntarios Ca\u00f1ete 2022\" width=\"580\" height=\"326\" src=\"https:\/\/www.youtube.com\/embed\/saoDgOwIlTw?feature=oembed\" frameborder=\"0\" allow=\"accelerometer; autoplay; clipboard-write; encrypted-media; gyroscope; picture-in-picture; web-share\" referrerpolicy=\"strict-origin-when-cross-origin\" allowfullscreen><\/iframe>\n<\/div><\/figure>\n\n\n\n<h2 class=\"wp-block-heading has-text-align-center\">Taller de Envejecimiento Activo UDP    en Villa toya el 12\/05\/2022<\/h2>\n\n\n\n<figure class=\"wp-block-embed is-type-video is-provider-youtube wp-block-embed-youtube wp-embed-aspect-16-9 wp-has-aspect-ratio\"><div class=\"wp-block-embed__wrapper\">\n<iframe loading=\"lazy\" title=\"Envejecimiento Activo UDP Villatoya\" width=\"580\" height=\"326\" src=\"https:\/\/www.youtube.com\/embed\/_NTipWsQs0w?feature=oembed\" frameborder=\"0\" allow=\"accelerometer; autoplay; clipboard-write; encrypted-media; gyroscope; picture-in-picture; web-share\" referrerpolicy=\"strict-origin-when-cross-origin\" allowfullscreen><\/iframe>\n<\/div><\/figure>\n\n\n\n<h2 class=\"wp-block-heading\">D\u00eda del Mayor 1 de Octubre de 2021<\/h2>\n\n\n\n<p class=\"has-text-align-center\"><\/p>\n\n\n\n<figure class=\"wp-block-embed alignwide is-type-video is-provider-youtube wp-block-embed-youtube wp-embed-aspect-16-9 wp-has-aspect-ratio\"><div class=\"wp-block-embed__wrapper\">\n<iframe loading=\"lazy\" title=\"Dia Del Mayor 2021 UDP Cuenca\" width=\"580\" height=\"326\" src=\"https:\/\/www.youtube.com\/embed\/mwHp3n63wNg?feature=oembed\" frameborder=\"0\" allow=\"accelerometer; autoplay; clipboard-write; encrypted-media; gyroscope; picture-in-picture; web-share\" referrerpolicy=\"strict-origin-when-cross-origin\" allowfullscreen><\/iframe>\n<\/div><\/figure>\n\n\n\n<figure class=\"wp-block-embed alignwide is-type-video is-provider-youtube wp-block-embed-youtube wp-embed-aspect-16-9 wp-has-aspect-ratio\"><div class=\"wp-block-embed__wrapper\">\n<iframe loading=\"lazy\" title=\"Voluntariado UDP Cuenca\" width=\"580\" height=\"326\" src=\"https:\/\/www.youtube.com\/embed\/j7DeNbcbEjI?feature=oembed\" frameborder=\"0\" allow=\"accelerometer; autoplay; clipboard-write; encrypted-media; gyroscope; picture-in-picture; web-share\" referrerpolicy=\"strict-origin-when-cross-origin\" allowfullscreen><\/iframe>\n<\/div><\/figure>\n\n\n\n<figure class=\"wp-block-embed is-type-video is-provider-youtube wp-block-embed-youtube wp-embed-aspect-16-9 wp-has-aspect-ratio\"><div class=\"wp-block-embed__wrapper\">\n<iframe loading=\"lazy\" title=\"YomecuidoXti Campa\u00f1a de sensibilizaci\u00f3n para J\u00f3venes de la Diputaci\u00f3n de Cuenca\" width=\"580\" height=\"326\" src=\"https:\/\/www.youtube.com\/embed\/gmOxEvd-Klw?feature=oembed\" frameborder=\"0\" allow=\"accelerometer; autoplay; clipboard-write; encrypted-media; gyroscope; picture-in-picture; web-share\" referrerpolicy=\"strict-origin-when-cross-origin\" allowfullscreen><\/iframe>\n<\/div><\/figure>\n\n\n\n<h2 class=\"wp-block-heading has-text-align-center\">Lectura Quijote Aguirre Voluntariado<\/h2>\n\n\n\n<figure class=\"wp-block-video\"><video height=\"1080\" style=\"aspect-ratio: 1920 \/ 1080;\" width=\"1920\" controls src=\"https:\/\/www.udpcuenca.com\/wp-content\/uploads\/2022\/04\/VID_20220422_101058.mp4\"><\/video><\/figure>\n","protected":false},"excerpt":{"rendered":"<p>Jornada Encuentro Territorial de Voluntarios MUPA Octubre 2023 Voluntariado UDP Cuenca por la Igualdad Puertas Abiertas de la Subdelegaci\u00f3n del Gobierno PLAN SEGURIDAD MAYORES INTERNET 2022 Ponencia Voluntarios 20 Junio de 2022 Fotos Taller de Envejecimiento Activo UDP en Villa toya el 12\/05\/2022 D\u00eda del Mayor 1 de Octubre de 2021 Lectura Quijote Aguirre Voluntariado<\/p>\n","protected":false},"author":1,"featured_media":0,"parent":0,"menu_order":0,"comment_status":"closed","ping_status":"closed","template":"","meta":{"_monsterinsights_skip_tracking":false,"_monsterinsights_sitenote_active":false,"_monsterinsights_sitenote_note":"","_monsterinsights_sitenote_category":0,"footnotes":""},"class_list":["post-80","page","type-page","status-publish","hentry"],"yoast_head":"<!-- This site is optimized with the Yoast SEO plugin v27.4 - https:\/\/yoast.com\/product\/yoast-seo-wordpress\/ -->\n<title>Voluntariado - UDP Cuenca<\/title>\n<meta name=\"robots\" content=\"index, follow, max-snippet:-1, max-image-preview:large, max-video-preview:-1\" \/>\n<link rel=\"canonical\" href=\"https:\/\/www.udpcuenca.com\/index.php\/voluntariado\/\" \/>\n<meta property=\"og:locale\" content=\"es_ES\" \/>\n<meta property=\"og:type\" content=\"article\" \/>\n<meta property=\"og:title\" content=\"Voluntariado - UDP Cuenca\" \/>\n<meta property=\"og:description\" content=\"Jornada Encuentro Territorial de Voluntarios MUPA Octubre 2023 Voluntariado UDP Cuenca por la Igualdad Puertas Abiertas de la Subdelegaci\u00f3n del Gobierno PLAN SEGURIDAD MAYORES INTERNET 2022 Ponencia Voluntarios 20 Junio de 2022 Fotos Taller de Envejecimiento Activo UDP en Villa toya el 12\/05\/2022 D\u00eda del Mayor 1 de Octubre de 2021 Lectura Quijote Aguirre Voluntariado\" \/>\n<meta property=\"og:url\" content=\"https:\/\/www.udpcuenca.com\/index.php\/voluntariado\/\" \/>\n<meta property=\"og:site_name\" content=\"UDP Cuenca\" \/>\n<meta property=\"article:modified_time\" content=\"2023-10-09T21:48:11+00:00\" \/>\n<meta property=\"og:image\" content=\"https:\/\/www.udpcuenca.com\/wp-content\/uploads\/2022\/07\/IGUALES-26-1024x683.jpg\" \/>\n<meta name=\"twitter:card\" content=\"summary_large_image\" \/>\n<meta name=\"twitter:label1\" content=\"Tiempo de lectura\" \/>\n\t<meta name=\"twitter:data1\" content=\"2 minutos\" \/>\n<script type=\"application\/ld+json\" class=\"yoast-schema-graph\">{\"@context\":\"https:\\\/\\\/schema.org\",\"@graph\":[{\"@type\":\"WebPage\",\"@id\":\"https:\\\/\\\/www.udpcuenca.com\\\/index.php\\\/voluntariado\\\/\",\"url\":\"https:\\\/\\\/www.udpcuenca.com\\\/index.php\\\/voluntariado\\\/\",\"name\":\"Voluntariado - UDP Cuenca\",\"isPartOf\":{\"@id\":\"https:\\\/\\\/www.udpcuenca.com\\\/#website\"},\"primaryImageOfPage\":{\"@id\":\"https:\\\/\\\/www.udpcuenca.com\\\/index.php\\\/voluntariado\\\/#primaryimage\"},\"image\":{\"@id\":\"https:\\\/\\\/www.udpcuenca.com\\\/index.php\\\/voluntariado\\\/#primaryimage\"},\"thumbnailUrl\":\"https:\\\/\\\/www.udpcuenca.com\\\/wp-content\\\/uploads\\\/2022\\\/07\\\/IGUALES-26-1024x683.jpg\",\"datePublished\":\"2020-11-19T19:24:28+00:00\",\"dateModified\":\"2023-10-09T21:48:11+00:00\",\"breadcrumb\":{\"@id\":\"https:\\\/\\\/www.udpcuenca.com\\\/index.php\\\/voluntariado\\\/#breadcrumb\"},\"inLanguage\":\"es\",\"potentialAction\":[{\"@type\":\"ReadAction\",\"target\":[\"https:\\\/\\\/www.udpcuenca.com\\\/index.php\\\/voluntariado\\\/\"]}]},{\"@type\":\"ImageObject\",\"inLanguage\":\"es\",\"@id\":\"https:\\\/\\\/www.udpcuenca.com\\\/index.php\\\/voluntariado\\\/#primaryimage\",\"url\":\"https:\\\/\\\/www.udpcuenca.com\\\/wp-content\\\/uploads\\\/2022\\\/07\\\/IGUALES-26.jpg\",\"contentUrl\":\"https:\\\/\\\/www.udpcuenca.com\\\/wp-content\\\/uploads\\\/2022\\\/07\\\/IGUALES-26.jpg\",\"width\":1098,\"height\":732},{\"@type\":\"BreadcrumbList\",\"@id\":\"https:\\\/\\\/www.udpcuenca.com\\\/index.php\\\/voluntariado\\\/#breadcrumb\",\"itemListElement\":[{\"@type\":\"ListItem\",\"position\":1,\"name\":\"Portada\",\"item\":\"https:\\\/\\\/www.udpcuenca.com\\\/\"},{\"@type\":\"ListItem\",\"position\":2,\"name\":\"Voluntariado\"}]},{\"@type\":\"WebSite\",\"@id\":\"https:\\\/\\\/www.udpcuenca.com\\\/#website\",\"url\":\"https:\\\/\\\/www.udpcuenca.com\\\/\",\"name\":\"UDP Cuenca\",\"description\":\"Asociaci\u00f3n Democr\u00e1tica de Jubilados y Pensionistas &quot;San Julian&quot; UDP Cuenca\",\"publisher\":{\"@id\":\"https:\\\/\\\/www.udpcuenca.com\\\/#organization\"},\"potentialAction\":[{\"@type\":\"SearchAction\",\"target\":{\"@type\":\"EntryPoint\",\"urlTemplate\":\"https:\\\/\\\/www.udpcuenca.com\\\/?s={search_term_string}\"},\"query-input\":{\"@type\":\"PropertyValueSpecification\",\"valueRequired\":true,\"valueName\":\"search_term_string\"}}],\"inLanguage\":\"es\"},{\"@type\":\"Organization\",\"@id\":\"https:\\\/\\\/www.udpcuenca.com\\\/#organization\",\"name\":\"UDP Cuenca\",\"url\":\"https:\\\/\\\/www.udpcuenca.com\\\/\",\"logo\":{\"@type\":\"ImageObject\",\"inLanguage\":\"es\",\"@id\":\"https:\\\/\\\/www.udpcuenca.com\\\/#\\\/schema\\\/logo\\\/image\\\/\",\"url\":\"https:\\\/\\\/www.udpcuenca.com\\\/wp-content\\\/uploads\\\/2024\\\/11\\\/cropped-Imagen781.png\",\"contentUrl\":\"https:\\\/\\\/www.udpcuenca.com\\\/wp-content\\\/uploads\\\/2024\\\/11\\\/cropped-Imagen781.png\",\"width\":583,\"height\":158,\"caption\":\"UDP Cuenca\"},\"image\":{\"@id\":\"https:\\\/\\\/www.udpcuenca.com\\\/#\\\/schema\\\/logo\\\/image\\\/\"}}]}<\/script>\n<!-- \/ Yoast SEO plugin. -->","yoast_head_json":{"title":"Voluntariado - UDP Cuenca","robots":{"index":"index","follow":"follow","max-snippet":"max-snippet:-1","max-image-preview":"max-image-preview:large","max-video-preview":"max-video-preview:-1"},"canonical":"https:\/\/www.udpcuenca.com\/index.php\/voluntariado\/","og_locale":"es_ES","og_type":"article","og_title":"Voluntariado - UDP Cuenca","og_description":"Jornada Encuentro Territorial de Voluntarios MUPA Octubre 2023 Voluntariado UDP Cuenca por la Igualdad Puertas Abiertas de la Subdelegaci\u00f3n del Gobierno PLAN SEGURIDAD MAYORES INTERNET 2022 Ponencia Voluntarios 20 Junio de 2022 Fotos Taller de Envejecimiento Activo UDP en Villa toya el 12\/05\/2022 D\u00eda del Mayor 1 de Octubre de 2021 Lectura Quijote Aguirre Voluntariado","og_url":"https:\/\/www.udpcuenca.com\/index.php\/voluntariado\/","og_site_name":"UDP Cuenca","article_modified_time":"2023-10-09T21:48:11+00:00","og_image":[{"url":"https:\/\/www.udpcuenca.com\/wp-content\/uploads\/2022\/07\/IGUALES-26-1024x683.jpg","type":"","width":"","height":""}],"twitter_card":"summary_large_image","twitter_misc":{"Tiempo de lectura":"2 minutos"},"schema":{"@context":"https:\/\/schema.org","@graph":[{"@type":"WebPage","@id":"https:\/\/www.udpcuenca.com\/index.php\/voluntariado\/","url":"https:\/\/www.udpcuenca.com\/index.php\/voluntariado\/","name":"Voluntariado - UDP Cuenca","isPartOf":{"@id":"https:\/\/www.udpcuenca.com\/#website"},"primaryImageOfPage":{"@id":"https:\/\/www.udpcuenca.com\/index.php\/voluntariado\/#primaryimage"},"image":{"@id":"https:\/\/www.udpcuenca.com\/index.php\/voluntariado\/#primaryimage"},"thumbnailUrl":"https:\/\/www.udpcuenca.com\/wp-content\/uploads\/2022\/07\/IGUALES-26-1024x683.jpg","datePublished":"2020-11-19T19:24:28+00:00","dateModified":"2023-10-09T21:48:11+00:00","breadcrumb":{"@id":"https:\/\/www.udpcuenca.com\/index.php\/voluntariado\/#breadcrumb"},"inLanguage":"es","potentialAction":[{"@type":"ReadAction","target":["https:\/\/www.udpcuenca.com\/index.php\/voluntariado\/"]}]},{"@type":"ImageObject","inLanguage":"es","@id":"https:\/\/www.udpcuenca.com\/index.php\/voluntariado\/#primaryimage","url":"https:\/\/www.udpcuenca.com\/wp-content\/uploads\/2022\/07\/IGUALES-26.jpg","contentUrl":"https:\/\/www.udpcuenca.com\/wp-content\/uploads\/2022\/07\/IGUALES-26.jpg","width":1098,"height":732},{"@type":"BreadcrumbList","@id":"https:\/\/www.udpcuenca.com\/index.php\/voluntariado\/#breadcrumb","itemListElement":[{"@type":"ListItem","position":1,"name":"Portada","item":"https:\/\/www.udpcuenca.com\/"},{"@type":"ListItem","position":2,"name":"Voluntariado"}]},{"@type":"WebSite","@id":"https:\/\/www.udpcuenca.com\/#website","url":"https:\/\/www.udpcuenca.com\/","name":"UDP Cuenca","description":"Asociaci\u00f3n Democr\u00e1tica de Jubilados y Pensionistas &quot;San Julian&quot; UDP Cuenca","publisher":{"@id":"https:\/\/www.udpcuenca.com\/#organization"},"potentialAction":[{"@type":"SearchAction","target":{"@type":"EntryPoint","urlTemplate":"https:\/\/www.udpcuenca.com\/?s={search_term_string}"},"query-input":{"@type":"PropertyValueSpecification","valueRequired":true,"valueName":"search_term_string"}}],"inLanguage":"es"},{"@type":"Organization","@id":"https:\/\/www.udpcuenca.com\/#organization","name":"UDP Cuenca","url":"https:\/\/www.udpcuenca.com\/","logo":{"@type":"ImageObject","inLanguage":"es","@id":"https:\/\/www.udpcuenca.com\/#\/schema\/logo\/image\/","url":"https:\/\/www.udpcuenca.com\/wp-content\/uploads\/2024\/11\/cropped-Imagen781.png","contentUrl":"https:\/\/www.udpcuenca.com\/wp-content\/uploads\/2024\/11\/cropped-Imagen781.png","width":583,"height":158,"caption":"UDP Cuenca"},"image":{"@id":"https:\/\/www.udpcuenca.com\/#\/schema\/logo\/image\/"}}]}},"_links":{"self":[{"href":"https:\/\/www.udpcuenca.com\/index.php\/wp-json\/wp\/v2\/pages\/80","targetHints":{"allow":["GET"]}}],"collection":[{"href":"https:\/\/www.udpcuenca.com\/index.php\/wp-json\/wp\/v2\/pages"}],"about":[{"href":"https:\/\/www.udpcuenca.com\/index.php\/wp-json\/wp\/v2\/types\/page"}],"author":[{"embeddable":true,"href":"https:\/\/www.udpcuenca.com\/index.php\/wp-json\/wp\/v2\/users\/1"}],"replies":[{"embeddable":true,"href":"https:\/\/www.udpcuenca.com\/index.php\/wp-json\/wp\/v2\/comments?post=80"}],"version-history":[{"count":25,"href":"https:\/\/www.udpcuenca.com\/index.php\/wp-json\/wp\/v2\/pages\/80\/revisions"}],"predecessor-version":[{"id":2209,"href":"https:\/\/www.udpcuenca.com\/index.php\/wp-json\/wp\/v2\/pages\/80\/revisions\/2209"}],"wp:attachment":[{"href":"https:\/\/www.udpcuenca.com\/index.php\/wp-json\/wp\/v2\/media?parent=80"}],"curies":[{"name":"wp","href":"https:\/\/api.w.org\/{rel}","templated":true}]}}